a prime number?
False
Is 529927 a prime number?
True
Is 32083 composite?
False
Is 40031 composite?
False
Is 2173 composite?
True
Is 8513 a prime number?
True
Is 24257 prime?
False
Is 149 a composite number?
False
Is 80515 prime?
False
Is 812341 a composite number?
False
Is 1177 composite?
True
Is 23251 a prime number?
True
Is 28699 composite?
True
Is 2753773 a composite number?
True
Is 14095 prime?
False
Is 17267 a composite number?
True
Is 15121 a composite number?
False
Is 54661 prime?
False
Is 1727 a prime number?
False
Is 840593 composite?
True
Is 25006 a prime number?
False
Is 225595 a prime number?
False
Is 1361 composite?
False
Is 16843 prime?
True
Is 12955 prime?
False
Is 1349167 a composite number?
True
Is 60541 composite?
True
Is 2676761 prime?
True
Is 500623 a composite number?
True
Is 72307 a composite number?
False
Is 7103 composite?
False
Is 18437 a prime number?
False
Is 766609 composite?
False
Is 34735 composite?
True
Is 14197 a composite number?
False
Is 153019 composite?
True
Is 9599 composite?
True
Is 9601 prime?
True
Is 633 a prime number?
False
Is 3427439 composite?
False
Is 3203 composite?
False
Is 419983 prime?
False
Is 89641 a composite number?
True
Is 203695 composite?
True
Is 1799021 a composite number?
True
Is 798217 composite?
True
Is 34991 a composite number?
True
Is 1837 a composite number?
True
Is 258403 a composite number?
False
Is 981913 a prime number?
True
Is 221707 a composite number?
False
Is 44351 composite?
False
Is 1009 a prime number?
True
Is 20455 a composite number?
True
Is 265153 a prime number?
False
Is 2333 composite?
False
Is 97883 prime?
True
Is 618083 composite?
False
Is 82217 prime?
True
Is 141089 prime?
False
Is 387113 prime?
False
Is 1551665 a composite number?
True
Is 599719 prime?
True
Is 34449 composite?
True
Is 3729131 a composite number?
True
Is 979087 a composite number?
True
Is 40289 prime?
True
Is 1722221 prime?
False
Is 7867 prime?
True
Is 105877 a prime number?
False
Is 9745 composite?
True
Is 15101 prime?
True
Is 23723 composite?
True
Is 8261 prime?
False
Is 1085971 a prime number?
True
Is 338659 a composite number?
False
Is 20171 composite?
True
Is 4999 a prime number?
True
Is 152758 a composite number?
True
Is 399973 a composite number?
True
Is 5147 a prime number?
True
Is 222653 a composite number?
True
Is 7717 composite?
False
Is 19099 composite?
True
Is 227893 composite?
False
Is 631 composite?
False
Is 6349 prime?
False
Is 3803 prime?
True
Is 108179 a composite number?
False
Is 101221 prime?
True
Is 85571 prime?
True
Is 8513 composite?
False
Is 434501 prime?
True
Is 11797 prime?
False
Is 21001 a prime number?
True
Is 43487 composite?
False
Is 3250021 prime?
True
Is 4183 composite?
True
Is 18937 a prime number?
False
Is 6261 composite?
True
Is 117053 a composite number?
False
Is 35149 a composite number?
False
Is 23223 a prime number?
False
Is 10471 prime?
False
Is 68371 a prime number?
True
Is 2959 a prime number?
False
Is 710837 prime?
True
Is 269209 a composite number?
False
Is 153211 composite?
True
Is 871 a composite number?
True
Is 78091 composite?
True
Is 65167 a prime number?
True
Is 67627 a composite number?
True
Is 97253 prime?
False
Is 1568237 prime?
False
Is 15419 composite?
True
Is 44059 composite?
False
Is 68963 composite?
False
Is 197887 a prime number?
True
Is 9803 a composite number?
False
Is 3587 a composite number?
True
Is 37781 composite?
False
Is 35023 prime?
True
Is 12343 a prime number?
True
Is 2157 composite?
True
Is 611 prime?
False
Is 83653 prime?
True
Is 18517 composite?
False
Is 31345 a prime number?
False
Is 66499 a composite number?
False
Is 100199 prime?
False
Is 1983 composite?
True
Is 232207 a composite number?
False
Is 5017 a prime number?
False
Is 16961 composite?
True
Is 1226 composite?
True
Is 20791 composite?
True
Is 23843 a composite number?
True
Is 477607 prime?
False
Is 300397 a prime number?
True
Is 195877 composite?
True
Is 225499 composite?
False
Is 9103 a composite number?
False
Is 4091 composite?
False
Is 3112391 prime?
True
Is 1443367 prime?
False
Is 521423 composite?
True
Is 448163 composite?
True
Is 49447 a prime number?
False
Is 37763 a prime number?
False
Is 653633 a composite number?
True
Is 76357 prime?
False
Is 1361 prime?
True
Is 15689 prime?
False
Is 308761 prime?
True
Is 635897 prime?
False
Is 26927 a prime number?
True
Is 412087 composite?
True
Is 1186 a prime number?
False
Is 44617 a prime number?
True
Is 3109 composite?
False
Is 334069 a composite number?
False
Is 46133 composite?
False
Is 22735 composite?
True
Is 69469 a composite number?
True
Is 178147 prime?
False
Is 234043 a prime number?
True
Is 48073 composite?
False
Is 508205 prime?
False
Is 32189 composite?
False
Is 2901 a composite number?
True
Is 1950755 a composite number?
True
Is 8727 prime?
False
Is 247291 a prime number?
False
Is 9493 a prime number?
False
Is 3151 a prime number?
False
Is 43427 composite?
False
Is 133121 composite?
False
Is 1082053 composite?
True
Is 1187 prime?
True
Is 239671 a prime number?
True
Is 112639 a composite number?
True
Is 11017 a composite number?
True
Is 4711 a composite number?
True
Is 22303 composite?
False
Is 913 a prime number?
False
Is 925765 composite?
True
Is 409099 prime?
True
Is 3343 a prime number?
True
Is 15103 a prime number?
False
Is 65567 prime?
False
Is 2953 a composite number?
False
Is 25682 a prime number?
False
Is 767 a prime number?
False
Is 21961 composite?
False
Is 166457 composite?
False
Is 36863 composite?
True
Is 614 a composite number?
True
Is 4531 prime?
False
Is 1389227 composite?
True
Is 364183 a composite number?
False
Is 523603 a composite number?
False
Is 47534 a composite number?
True
Is 339821 prime?
True
Is 299447 a composite number?
False
Is 3821 composite?
False
Is 4249 a composite number?
True
Is 3389 prime?
True
Is 548827 prime?
True
Is 16649 a composite number?
False
Is 19829 composite?
True
Is 222701 a composite number?
True
Is 218017 composite?
True
Is 57169 composite?
True
Is 185273 prime?
False
Is 6299 prime?
True
Is 37645 prime?
False
Is 93565 composite?
True
Is 1247737 prime?
True
Is 275711 composite?
False
Is 2039933 composite?
True
Is 3427 composite?
True
Is 961481 a prime number?
False
Is 3547 prime?
True
Is 83 a composite number?
False
Is 4109 a composite number?
True
Is 10351 a composite number?
True
Is 27179 composite?
False
Is 4324199 a prime number?
False
Is 1733335 composite?
True
Is 287579 a prime number?
True
Is 145 a composite number?
True
Is 53803 a prime number?
False
Is 4783 a prime number?
True
Is 5509 a prime number?
False
Is 44771 a composite number?
False
Is 108761 composite?
False
Is 60893 prime?
False
Is 26459 prime?
True
Is 47783 a prime number?
False
Is 1142549 prime?
True
Is 1405 a composite number?
True
Is 344231 a prime number?
True
Is 473761 a composite number?
False
Is 391711 a prime number?
True
Is 1169 prime?
False
Is 691 a prime number?
True
Is 44995 a composite number?
True
Is 3359 composite?
False
Is 77639 prime?
False
Is 782537 a prime number?
False
Is 10417 a composite number?
True
Is 26441 a composite number?
True
Is 3911681 a prime number?
True
Is 1339 a prime number?
False
Is 14351 a composite number?
True
Is 190387 prime?
True
Is 2129773 composite?
False
Is 174799 a prime number?
True
Is 74397 composite?
True
Is 143 a composite number?
True
Is 104207 a prime number?
True
Is 180493 a composite number?
True
Is 994751 composite?
False
Is 19858 composite?
True
Is 6127 a composite number?
True
Is 63254 a composite number?
True
Is 25523 a prime number?
True
Is 74149 a composite number?
False
Is 1693 a prime number?
True
Is 101551 composite?
True
Is 64373 a prime number?
True
Is 20287 a prime number?
True
Is 653311 composite?
False
Is 312121 prime?
True
Is 282311 composite?
False
Is 4609 prime?
False
Is 1409 a prime number?
True
Is 544189 composite?
True
Is 452009 a prime number?
True
Is 3493693 prime?
False
Is 44327 a prime number?
False
Is 6031 prime?
False
Is 86971 prime?
False
Is 499 a prime number?
True
Is 2333 composite?
False
Is 4907 composite?
True
Is 4559 prime?
False
Is 6343 prime?
True
Is 31573 prime?
True
Is 21467 prime?
True
Is 2609 prime?
True
Is 1268413 a composite number?
False
Is 815179 composite?
True
Is 560269 a prime number